 of 66 and d.
22
Let q = 623 - 335. Calculate the greatest common factor of q and 36.
36
Let k = 26 + 6. Let u be k/4 + 3*-1. Suppose -c + 64 = u*p, c + 24 + 3 = 2*p. What is the greatest common divisor of 65 and p?
13
Suppose -3*n - 2*a + 195 = 0, -5*n + 130 = -3*n - 2*a. Let b(y) = y**3 + 14*y**2 - 17*y - 17. Let w be b(-15). What is the highest common factor of n and w?
13
Let g(i) be the third derivative of 11*i**4/12 + i**3/3 - 3*i**2. Let p be g(1). Let u = 47 - p. Calculate the highest common divisor of u and 161.
23
Let z(m) = 56*m - 544. Let p be z(11). What is the greatest common factor of p and 882?
18
Let z = 66 - 42. What is the greatest common factor of 696 and z?
24
Suppose 0 = -4*b - 12, 1 = -3*n - 2*b + 4. Let q(r) = r**3 - 7*r**2 - 41*r + 240. Let d be q(9). What is the greatest common factor of n and d?
3
Suppose 4*x - x - 69 = 0. Suppose -41 = 2*s + 5*y, -22 = s + 3*y - 2*y. Let q be (-13 - -16)*(-3)/(9/s). Calculate the greatest common divisor of x and q.
23
Suppose 3*j = -2*r + 655, -5*j = -15*r - j + 4833. Calculate the greatest common divisor of r and 136.
17
Suppose -2508 = -12*c - 10*c. Calculate the greatest common divisor of 3534 and c.
114
Let f(a) = -77*a - a**2 - 2 + 66*a - 2 + 0*a**2. Let j be f(-9). Calculate the greatest common divisor of 112 and j.
14
Suppose 5*i - 33 = 127. What is the greatest common divisor of 1136 and i?
16
Let c = 5 + -3. Suppose -25 = -c*f + r, 4*f + 3*r = r + 46. Let h(o) = 4*o**2 - 5*o + 9. Let j be h(5). Calculate the highest common divisor of j and f.
12
Let y = 54 - 19. Suppose -245 + 161 = -3*f - 9*f. What is the greatest common factor of f and y?
7
Let q = 43 + -24. Let m = -11 + q. Let r be 3*(-4)/(-6) - -6. What is the greatest common divisor of r and m?
8
Let h(l) = -3*l + 93 - 11*l - 98. Let a be h(-1). Calculate the greatest common divisor of 18 and a.
9
Let f be ((-9)/(-27))/((-1)/3). Let b be -1 + (-131 + 1)*f. Suppose 3*a + 4*o - b = o, 0 = -4*o + 4. Calculate the greatest common factor of 6 and a.
6
Let h(m) = -m**3 + 13*m**2 - 13*m - 8. Let p be h(8). What is the greatest common factor of p and 13?
13
Suppose 12 = 4*t + l, -4*l = 2*t + l - 24. Let b = 4 + -1. Suppose -t*m - b*s + 165 = 0, -5*s = -4*m - 3*s + 306. What is the highest common factor of 26 and m?
26
Let g(o) = o**2 - 3*o + 5. Let k be g(-4). Let r(u) = u - 11. Let z be r(9). Let l be (-51)/(-15) + z/5. What is the highest common factor of l and k?
3
Let o be 66977/19 + (-72)/684. What is the greatest common divisor of o and 141?
141
Suppose r = -0*r + 3*d + 249, -d = 3*r - 787. Calculate the highest common factor of r and 435.
87
Suppose 2174*l - 2182*l + 200 = 0. What is the highest common factor of l and 725?
25
Suppose -304 = -2*r + c, 5*c - 2*c - 782 = -5*r. Suppose -6*t = -5*t - r. Let j be (-2 - -6)*22/4. What is the highest common divisor of j and t?
22
Let v = -7 + 7. Let m be (0 - (-4)/2) + 0. Suppose v = 5*i + 4*l - 2*l - 720, -3*i - m*l + 432 = 0. Calculate the greatest common factor of i and 18.
18
Let y = 49 - 49. Suppose y = a - 4*a + 102. What is the greatest common factor of a and 272?
34
Let x(j) = 8*j - 5. Let h be x(5). Suppose -4*l + 3*i = -68, -3*l + 70 = 5*i + 48. What is the highest common divisor of h and l?
7
Suppose t - 4*t + 351 = 0. Let p(y) be the first derivative of y**3/3 + y**2 + 13*y + 12. Let v be p(0). Calculate the highest common divisor of v and t.
13
Suppose 2*w - 50 = 4*i, 3*w + 4*i - 104 - 1 = 0. Let m = w - 13. Calculate the greatest common divisor of m and 12.
6
Suppose -5*f + 3*w = -14, -5*f - 5*w = 9 + 1. Let a be -8*(f + 3)/(-16). What is the highest common factor of a and 7?
1
Suppose -5*z + 2*z + 339 = 0. Let m = -39 + z. What is the greatest common divisor of 185 and m?
37
Let z = 506 - 247. Calculate the highest common factor of 296 and z.
37
Suppose 0 = 2*g - 5*y - 105, 0*g - 5*y = 5*g - 280. Let c(f) = f**3 - f + 11. Let m be c(0). Calculate the greatest common factor of g and m.
11
Let l(w) = -2*w**2 + 21*w + 35. Let t be l(10). Let f be 1 - 2*(-58)/4. What is the greatest common divisor of t and f?
15
Suppose 0 = -19*q - 60 - 35. Suppose -5*o + l - 32 - 17 = 0, 2*l - 44 = 4*o. Let v = q - o. Calculate the greatest common divisor of v and 4.
4
Suppose 0 = 3*q + 10 + 53. Let d be (9/3)/(-1) - (11 + q). Calculate the greatest common factor of 7 and d.
7
Let p be (-4)/(-5)*15/6. Let c be -1 + 12 + (15 - 12). What is the highest common factor of c and p?
2
Suppose 4*d + 92 = 2*i, -13 = -2*i - d + 64. Calculate the greatest common divisor of i and 940.
20
Suppose v = 4*j - 472, 3*j - 361 = -v - 0*v. Suppose -5*f - 4*h + j = 0, -5*h + 5 = 25. Let t = 11 + -8. Calculate the highest common factor of f and t.
3
Let r(x) = 4*x**2 - 117*x + 148. Let i be r(29). Calculate the greatest common factor of 136 and i.
17
Let v = -1291 - -1308. Calculate the greatest common factor of 323 and v.
17
Let m be 18/24*(1 - -3). Suppose -2*n = -o + 36, -n = -m*o + n + 96. Calculate the greatest common factor of 75 and o.
15
Let d be 2*-1*8/4. Let a = 9 + d. Suppose -a*b = -0*b - 240. What is the greatest common divisor of 24 and b?
24
Suppose 8 = 4*f - 88. Let q be (-6)/21 - 340/(-14). Calculate the greatest common divisor of f and q.
24
Let y = -81 - -81. Let p be -11 + 31 - (y + 2). Calculate the greatest common factor of p and 162.
18
Suppose 8*i - 140 + 52 = 0. Calculate the greatest common factor of i and 22.
11
Suppose 0*f - 168 = -7*f. What is the highest common factor of 804 and f?
12
Suppose -13 = 2*h - i, -2*h + 42 = -5*h - 3*i. Let m be (-6)/h - (-1)/3. Calculate the highest common divisor of 8 and m.
1
Suppose 0 = 2*q - 4*q. Let f be (-4 - 4) + -2 + q. Let m(o) = 3*o**2 + 6*o - 20. Let z be m(f). What is the highest common factor of z and 20?
20
Let q = -114 - -192. Calculate the highest common factor of 117 and q.
39
Let x = 7 + 10. Let c(g) = 16*g**2 - 16*g + 36. Let r be c(2). Calculate the highest common divisor of r and x.
17
Suppose 4*s - 3*a - 179 = 0, -127 - 93 = -5*s + 5*a. Suppose -1516 = -5*r + 364. What is the greatest common factor of r and s?
47
Let o(i) = i**3 + 42*i**2 + 2*i + 164. Let y be o(-42). Suppose 6 = s - 14. What is the greatest common factor of s and y?
20
Let v be (16/(-6))/(41/(-4674)). What is the greatest common factor of v and 24?
8
Suppose 2*t - 322 = -x, 12 = -2*x + 16. Calculate the greatest common divisor of 96 and t.
32
Let p = 542 - 502. Calculate the greatest common factor of 130 and p.
10
Suppose -36 = 4*n + 4*v, 7*v - 2*v = 4*n + 27. Let s be (-4 - n) + 1 + 1. Let k be (12 - 72)/((-4)/s). Calculate the highest common divisor of 10 and k.
10
Let l be -290*(5*8/80 - 1). Let h be (-4)/6 - 89/(-3). Calculate the greatest common factor of l and h.
29
Let j = -112 - -140. Suppose 0*u - 140 = -2*u. What is the highest common factor of u and j?
14
Let p(l) = 4*l**2 - 4*l - 6. Let h be p(-3). Suppose h = 4*n - 62. What is the greatest common divisor of 234 and n?
26
Suppose -3 + 1 = 2*f. Let h be (-2)/(f + 3) + 56. Let r be h*((-8)/5)/(-4). What is the highest common factor of 242 and r?
22
Let k(l) = l**2 - 6*l + 7. Let x be k(5). Let c be (17 + -1)/(x/14). Let m be 12/((-1)/((-4)/3)). Calculate the greatest common divisor of m and c.
16
Suppose 4*v - 183 = 3*z, -36*v + 5*z + 50 = -35*v. Let o(h) = -29*h + 1. Let u be o(-1). Calculate the greatest common factor of v and u.
15
Let y = -38542 + 38608. Let x(f) = 6*f + 2. Let d be x(2). Let s = -8 + d. What is the highest common divisor of y and s?
6
Suppose 4*g + 0*b = -b + 155, -4*b = 3*g - 100. Let j be 180/(-48) + 2/(-8). Let t be j + (4/(-2) - -11). What is the greatest common factor of g and t?
5
Suppose -160 = -13*q + 8*q. What is the highest common factor of 176 and q?
16
Let a(o) = 16*o**2 + 3*o - 22. Let y be a(3). Let d = y - 101. Calculate the greatest common factor of 300 and d.
30
Suppose 23*k - 201 = 420. Let y be 6 + 9*3/9. Calculate the highest common factor of k and y.
9
Let n(r) = r**3 - r**2 + r + 25. Let v be n(0). Suppose 260*l + 125 = 265*l. What is the highest common factor of l and v?
25
Let i(w) = -511*w - 3. Let r be (-1)/3 + (-20)/(-6). Let y be i(r). Let s be 2/11 - y/22. What is the highest common divisor of s and 14?
14
Let x = 13 + -11. Suppose -3*a - p 